ds digit of 4069?
4
What is the units digit of 160230?
0
What is the tens digit of 1470?
7
What is the ten thousands digit of 19716?
1
What is the ten thousands digit of 82197?
8
What is the thousands digit of 4305?
4
What is the thousands digit of 5997?
5
What is the tens digit of 2107?
0
What is the hundreds digit of 10058?
0
What is the units digit of 3929?
9
What is the hundreds digit of 25438?
4
What is the thousands digit of 1022?
1
What is the thousands digit of 126910?
6
What is the tens digit of 1455?
5
What is the tens digit of 1076?
7
What is the tens digit of 7246?
4
What is the tens digit of 17417?
1
What is the tens digit of 98030?
3
What is the units digit of 1499?
9
What is the tens digit of 2354?
5
What is the tens digit of 21626?
2
What is the units digit of 1931?
1
What is the thousands digit of 6059?
6
What is the ten thousands digit of 61645?
6
What is the tens digit of 20167?
6
What is the units digit of 2928?
8
What is the thousands digit of 4588?
4
What is the units digit of 39438?
8
What is the thousands digit of 9173?
9
What is the thousands digit of 8682?
8
What is the units digit of 332?
2
What is the units digit of 2983?
3
What is the thousands digit of 12320?
2
What is the units digit of 18384?
4
What is the units digit of 3?
3
What is the units digit of 1643?
3
What is the units digit of 9554?
4
What is the units digit of 30461?
1
What is the tens digit of 498?
9
What is the units digit of 4245?
5
What is the units digit of 654?
4
What is the hundreds digit of 227?
2
What is the units digit of 8067?
7
What is the hundreds digit of 1271?
2
What is the tens digit of 170?
7
What is the tens digit of 119504?
0
What is the units digit of 4481?
1
What is the thousands digit of 86481?
6
What is the tens digit of 35065?
6
What is the units digit of 26134?
4
What is the tens digit of 570?
7
What is the units digit of 21077?
7
What is the hundreds digit of 87215?
2
What is the thousands digit of 8358?
8
What is the hundreds digit of 719?
7
What is the units digit of 4857?
7
What is the units digit of 13116?
6
What is the thousands digit of 7106?
7
What is the tens digit of 7115?
1
What is the tens digit of 18017?
1
What is the units digit of 1468?
8
What is the thousands digit of 25497?
5
What is the hundreds digit of 333?
3
What is the units digit of 4597?
7
What is the tens digit of 64921?
2
What is the tens digit of 492?
9
What is the hundreds digit of 192?
1
What is the hundreds digit of 47702?
7
What is the thousands digit of 3659?
3
What is the hundreds digit of 54407?
4
What is the hundreds digit of 29053?
0
What is the thousands digit of 3806?
3
What is the hundreds digit of 2294?
2
What is the units digit of 42898?
8
What is the tens digit of 112?
1
What is the units digit of 533?
3
What is the hundreds digit of 1939?
9
What is the units digit of 10982?
2
What is the thousands digit of 4821?
4
What is the hundreds digit of 31325?
3
What is the hundreds digit of 2001?
0
What is the tens digit of 3989?
8
What is the thousands digit of 6798?
6
What is the tens digit of 40066?
6
What is the hundreds digit of 5032?
0
What is the units digit of 1681?
1
What is the thousands digit of 49817?
9
What is the tens digit of 27?
2
What is the units digit of 2834?
4
What is the units digit of 68894?
4
What is the tens digit of 16202?
0
What is the units digit of 587?
7
What is the units digit of 19274?
4
What is the hundreds digit of 7166?
1
What is the tens digit of 11283?
8
What is the hundreds digit of 577?
5
What is the tens digit of 308?
0
What is the hundreds digit of 1447?
4
What is the units digit of 5454?
4
What is the tens digit of 3512?
1
What is the ten thousands digit of 32218?
3
What is the hundreds digit of 517?
5
What is the tens digit of 435?
3
What is the units digit of 9899?
9
What is the thousands digit of 1953?
1
What is the hundred thousands digit of 104705?
1
What is the units digit of 515?
5
What is the units digit of 1658?
8
What is the hundreds digit of 59506?
5
What is the units digit of 11300?
0
What is the hundreds digit of 4868?
8
What is the tens digit of 690?
9
What is the units digit of 672?
2
What is the thousands digit of 6204?
6
What is the units digit of 20312?
2
What is the hundreds digit of 1373?
3
What is the units digit of 534?
4
What is the units digit of 14163?
3
What is the tens digit of 8202?
0
What is the hundreds digit of 7826?
8
What is the tens digit of 360?
6
What is the hundreds digit of 3727?
7
What is the units digit of 1061?
1
What is the units digit of 21409?
9
What is the tens digit of 702?
0
What is the hundreds digit of 750?
7
What is the ten thousands digit of 24059?
2
What is the hundreds digit of 1129?
1
What is the hundreds digit of 1061?
0
What is the thousands digit of 11723?
1
What is the units digit of 2754?
4
What is the units digit of 1046?
6
What is the tens digit of 3125?
2
What is the tens digit of 217?
1
What is the tens digit of 2090?
9
What is the ten thousands digit of 26830?
2
What is the units digit of 6401?
1
What is the hundreds digit of 979?
9
What is the tens digit of 68756?
5
What is the thousands digit of 1498?
1
What is the tens digit of 1927?
2
What is the units digit of 15613?
3
What is the hundreds digit of 2284?
2
What is the tens digit of 29074?
7
What is the hundreds digit of 783?
7
What is the thousands digit of 1577?
1
What is the hundreds digit of 113847?
8
What is the units digit of 11517?
7
What is the units digit of 5?
5
What is the units digit of 1005?
5
What is the hundreds digit of 124656?
6
What is the tens digit of 145192?
9
What is the units digit of 64050?
0
What is the units digit of 1927?
7
What is the tens digit of 32115?
1
What is the units digit of 568?
8
What is the hundreds digit of 312?
3
What is the units digit of 1196?
6
What is the ten thousands digit of 33747?
3
What is the units digit of 5672?
2
What is the hundreds digit of 13771?
7
What is the thousands digit of 1672?
1
What is the thousands digit of 1690?
1
What is the tens digit of 22118?
1
What is the ten thousands digit of 57450?
5
What is the hundred thousands digit of 151438?
1
What is the tens digit of 3246?
4
What is the tens digit of 360?
6
What is the units digit of 14593?
3
What is the thousands digit of 1134?
1
What is the hundreds digit of 11670?
6
What is the units digit of 4047?
7
What is the hundreds digit of 69734?
7
What is the thousands digit of 2265?
2
What is the ten thousands digit of 35296?
3
What is the thousands digit of 1938?
1
What is the units digit of 1145?
5
What is the thousands digit of 10241?
0
What is the tens digit of 8053?
5
What is the thousands digit of 3531?
3
What is the tens digit of 7525?
2
What is the units digit of 37064?
4
What is the thousands digit of 37096?
7
What is the ten thousands digit of 94562?
9
What is the tens digit of 118192?
9
What is the units digit of 75?
5
What is the hundreds digit of 18735?
7
What is the tens digit of 77587?
8
What is the tens digit of 211?
1
What is the hundreds digit of 4604?
6
What is the thousands digit of 1707?
1
What is the hundreds digit of 996?
9
What is the hundreds digit of 364?
3
What is the hundreds digit of 1116?
1
What is the thousands digit of 1136?
1
What is the thousands digit of 7731?
7
What is the tens digit of 724?
2
What is the units digit of 85?
5
What is the tens digit of 93861?
6
What is the units digit of 1484?
4
What is the tens digit of 2590?
9
What is the ten thousands digit of 11629?
1
What is the ten thousands digit of 87304?
8
What is the thousands digit of 2625?
2
What is the tens digit of 3203?
0
What is the tens digit of 26029?
2
What is the tens digit of 25979?
7
What is the hundreds digit of 2193?
1
What is the tens digit of 408?
0
What is the units digit of 66?
6
What is the hundreds digit of 728?
7
What is the units digit of 7870?
0
What is the tens digit of 197?
9
What is the tens digit of 89?
8
What is the thousands digit of 1346?
1
What is the thousands digit of 8315?
8
What is the units digit of 16385?
5
What is the ten thousands digit of 95306?
9
What is the thousands digit of 4506?
4
What is the units digit of 209?
9
What is the thousands digit of 7010?
7
What is the units digit of 3802?
2
What is the tens digit of 1109?
0
What is the 